{"id":22,"date":"2026-03-05T13:49:12","date_gmt":"2026-03-05T13:49:12","guid":{"rendered":"http:\/\/www.dhktcnct.io.vn\/?page_id=22"},"modified":"2026-03-10T06:50:56","modified_gmt":"2026-03-10T06:50:56","slug":"dai-hoc-chinh-qui","status":"publish","type":"page","link":"https:\/\/www.dhktcnct.io.vn\/?page_id=22","title":{"rendered":"C\u00e1c ng\u00e0nh \u0111\u00e0o t\u1ea1o \u0111\u1ea1i h\u1ecdc ch\u00ednh quy"},"content":{"rendered":"\n\n\n\n\n<p>N\u1ed9i dung trang \u0111\u1ea1i h\u1ecdc ch\u00ednh qui<\/p>\n\n\n\n\n\n<p><\/p>\n","protected":false},"excerpt":{"rendered":"","protected":false},"author":1,"featured_media":0,"parent":28,"menu_order":1,"comment_status":"closed","ping_status":"closed","template":"","meta":{"pagelayer_contact_templates":[],"_pagelayer_content":"","footnotes":""},"class_list":["post-22","page","type-page","status-publish","hentry"],"_links":{"self":[{"href":"https:\/\/www.dhktcnct.io.vn\/index.php?rest_route=\/wp\/v2\/pages\/22","targetHints":{"allow":["GET"]}}],"collection":[{"href":"https:\/\/www.dhktcnct.io.vn\/index.php?rest_route=\/wp\/v2\/pages"}],"about":[{"href":"https:\/\/www.dhktcnct.io.vn\/index.php?rest_route=\/wp\/v2\/types\/page"}],"author":[{"embeddable":true,"href":"https:\/\/www.dhktcnct.io.vn\/index.php?rest_route=\/wp\/v2\/users\/1"}],"replies":[{"embeddable":true,"href":"https:\/\/www.dhktcnct.io.vn\/index.php?rest_route=%2Fwp%2Fv2%2Fcomments&post=22"}],"version-history":[{"count":4,"href":"https:\/\/www.dhktcnct.io.vn\/index.php?rest_route=\/wp\/v2\/pages\/22\/revisions"}],"predecessor-version":[{"id":56,"href":"https:\/\/www.dhktcnct.io.vn\/index.php?rest_route=\/wp\/v2\/pages\/22\/revisions\/56"}],"up":[{"embeddable":true,"href":"https:\/\/www.dhktcnct.io.vn\/index.php?rest_route=\/wp\/v2\/pages\/28"}],"wp:attachment":[{"href":"https:\/\/www.dhktcnct.io.vn\/index.php?rest_route=%2Fwp%2Fv2%2Fmedia&parent=22"}],"curies":[{"name":"wp","href":"https:\/\/api.w.org\/{rel}","templated":true}]}}